ivided by 20.
14
Calculate the remainder when 13 is divided by 3.
1
What is the remainder when 633 is divided by 219?
195
What is the remainder when 292 is divided by 74?
70
What is the remainder when 77 is divided by 4?
1
Calculate the remainder when 1257 is divided by 17.
16
What is the remainder when 1078 is divided by 136?
126
What is the remainder when 1218 is divided by 252?
210
Calculate the remainder when 1173 is divided by 47.
45
What is the remainder when 944 is divided by 7?
6
What is the remainder when 87 is divided by 35?
17
Calculate the remainder when 30 is divided by 20.
10
Calculate the remainder when 299 is divided by 64.
43
Calculate the remainder when 731 is divided by 68.
51
What is the remainder when 226 is divided by 19?
17
Calculate the remainder when 1126 is divided by 79.
20
What is the remainder when 11 is divided by 4?
3
What is the remainder when 69 is divided by 59?
10
What is the remainder when 325 is divided by 51?
19
What is the remainder when 4029 is divided by 126?
123
Calculate the remainder when 686 is divided by 141.
122
Calculate the remainder when 43 is divided by 15.
13
Calculate the remainder when 240 is divided by 91.
58
Calculate the remainder when 441 is divided by 56.
49
Calculate the remainder when 423 is divided by 418.
5
What is the remainder when 340 is divided by 49?
46
Calculate the remainder when 178 is divided by 52.
22
Calculate the remainder when 535 is divided by 20.
15
What is the remainder when 455 is divided by 116?
107
What is the remainder when 347 is divided by 12?
11
Calculate the remainder when 1730 is divided by 87.
77
Calculate the remainder when 224 is divided by 50.
24
Calculate the remainder when 1713 is divided by 7.
5
What is the remainder when 747 is divided by 163?
95
What is the remainder when 10605 is divided by 10?
5
What is the remainder when 270 is divided by 92?
86
What is the remainder when 55 is divided by 15?
10
Calculate the remainder when 196 is divided by 111.
85
What is the remainder when 89 is divided by 16?
9
What is the remainder when 393 is divided by 98?
1
Calculate the remainder when 412 is divided by 28.
20
Calculate the remainder when 300 is divided by 61.
56
Calculate the remainder when 4908 is divided by 71.
9
What is the remainder when 936 is divided by 38?
24
What is the remainder when 426 is divided by 90?
66
Calculate the remainder when 336 is divided by 118.
100
What is the remainder when 1665 is divided by 98?
97
What is the remainder when 143 is divided by 19?
10
What is the remainder when 426 is divided by 29?
20
What is the remainder when 50 is divided by 13?
11
Calculate the remainder when 3379 is divided by 23.
21
What is the remainder when 1185 is divided by 60?
45
Calculate the remainder when 93 is divided by 16.
13
Calculate the remainder when 193 is divided by 67.
59
What is the remainder when 1324 is divided by 166?
162
What is the remainder when 46645 is divided by 49?
46
What is the remainder when 2649 is divided by 68?
65
What is the remainder when 1174 is divided by 45?
4
What is the remainder when 178 is divided by 20?
18
Calculate the remainder when 743 is divided by 11.
6
Calculate the remainder when 1127 is divided by 87.
83
Calculate the remainder when 474 is divided by 60.
54
What is the remainder when 294 is divided by 99?
96
What is the remainder when 392 is divided by 105?
77
What is the remainder when 580 is divided by 6?
4
Calculate the remainder when 1241 is divided by 303.
29
Calculate the remainder when 29 is divided by 29.
0
Calculate the remainder when 158 is divided by 23.
20
Calculate the remainder when 4122 is divided by 133.
132
Calculate the remainder when 1289 is divided by 77.
57
Calculate the remainder when 796 is divided by 93.
52
Calculate the remainder when 15463 is divided by 37.
34
What is the remainder when 4864 is divided by 87?
79
What is the remainder when 503 is divided by 117?
35
Calculate the remainder when 172 is divided by 11.
7
What is the remainder when 3262 is divided by 121?
116
What is the remainder when 97 is divided by 40?
17
Calculate the remainder when 237 is divided by 121.
116
Calculate the remainder when 793 is divided by 101.
86
Calculate the remainder when 1525 is divided by 362.
77
What is the remainder when 151 is divided by 22?
19
What is the remainder when 3525 is divided by 24?
21
What is the remainder when 1107 is divided by 42?
15
Calculate the remainder when 126 is divided by 14.
0
What is the remainder when 121 is divided by 60?
1
Calculate the remainder when 71 is divided by 51.
20
Calculate the remainder when 8044 is divided by 230.
224
What is the remainder when 2993 is divided by 91?
81
Calculate the remainder when 74 is divided by 15.
14
Calculate the remainder when 4436 is divided by 101.
93
Calculate the remainder when 301 is divided by 38.
35
Calculate the remainder when 596 is divided by 26.
24
What is the remainder when 128 is divided by 27?
20
What is the remainder when 361 is divided by 318?
43
Calculate the remainder when 411 is divided by 105.
96
Calculate the remainder when 557 is divided by 46.
5
What is the remainder when 347 is divided by 93?
68
Calculate the remainder when 390 is divided by 98.
96
Calculate the remainder when 185 is divided by 79.
27
Calculate the remainder when 3192 is divided by 71.
68
What is the remainder when 315 is divided by 83?
66
What is the remainder when 188 is divided by 16?
12
Calculate the remainder when 122 is divided by 35.
17
Calculate the remainder when 2743 is divided by 7.
6
Calculate the remainder when 312 is divided by 21.
18
What is the remainder when 1181 is divided by 15?
11
What is the remainder when 183 is divided by 60?
3
What is the remainder when 539 is divided by 41?
6
What is the remainder when 163 is divided by 34?
27
Calculate the remainder when 118 is divided by 20.
18
Calculate the remainder when 2647 is divided by 52.
47
Calculate the remainder when 158 is divided by 20.
18
Calculate the remainder when 1316 is divided by 433.
17
Calculate the remainder when 9799 is divided by 27.
25
What is the remainder when 8520 is divided by 2838?
6
Calculate the remainder when 27 is divided by 17.
10
Calculate the remainder when 907 is divided by 76.
71
What is the remainder when 2510 is divided by 418?
2
What is the remainder when 36 is divided by 21?
15
Calculate the remainder when 10348 is divided by 15.
13
Calculate the remainder when 854 is divided by 89.
53
Calculate the remainder when 70829 is divided by 90.
89
Calculate the remainder when 584 is divided by 59.
53
Calculate the remainder when 321 is divided by 14.
13
What is the remainder when 90 is divided by 42?
6
What is the remainder when 357 is divided by 49?
14
What is the remainder when 313 is divided by 36?
25
Calculate the remainder when 407 is divided by 68.
67
Calculate the remainder when 1719 is divided by 133.
123
Calculate the remainder when 30928 is divided by 30.
28
What is the remainder when 248 is divided by 125?
123
Calculate the remainder when 170 is divided by 8.
2
What is the remainder when 1677 is divided by 168?
165
What is the remainder when 141 is divided by 65?
11
Calculate the remainder when 3074 is divided by 24.
2
What is the remainder when 421 is divided by 107?
100
Calculate the remainder when 640 is divided by 81.
73
What is the remainder when 73 is divided by 11?
7
What is the remainder when 748 is divided by 286?
176
What is the remainder when 693 is divided by 4?
1
What is the remainder when 174 is divided by 5?
4
What is the remainder when 1711 is divided by 101?
95
What is the remainder when 868 is divided by 289?
1
What is the remainder when 1658 is divided by 82?
18
What is the remainder when 420 is divided by 101?
16
Calculate the remainder when 91 is divided by 54.
37
Calculate the remainder when 1186 is divided by 119.
115
Calculate the remainder when 77 is divided by 3.
2
Calculate the remainder when 159 is divided by 24.
15
Calculate the remainder when 126 is divided by 88.
38
Calculate the remainder when 4548 is divided by 134.
126
Calculate the remainder when 191 is divided by 44.
15
What is the remainder when 670 is divided by 11?
10
What is the remainder when 1646 is divided by 25?
21
Calculate the r